{"id":57,"date":"2022-10-25T15:01:14","date_gmt":"2022-10-25T13:01:14","guid":{"rendered":"http:\/\/cad-plus.fr\/?page_id=57"},"modified":"2025-05-30T08:45:08","modified_gmt":"2025-05-30T06:45:08","slug":"cad-plus","status":"publish","type":"page","link":"https:\/\/cad-plus.fr\/?page_id=57","title":{"rendered":"Cad plus"},"content":{"rendered":"<p>[et_pb_section fb_built=\u00a0\u00bb1&Prime; _builder_version=\u00a0\u00bb4.16&Prime; _module_preset=\u00a0\u00bbdefault\u00a0\u00bb custom_margin=\u00a0\u00bb-4px||4px|||\u00a0\u00bb custom_padding=\u00a0\u00bb||0px|||\u00a0\u00bb global_colors_info=\u00a0\u00bb{}\u00a0\u00bb][et_pb_row _builder_version=\u00a0\u00bb4.22.2&Prime; _module_preset=\u00a0\u00bbdefault\u00a0\u00bb global_colors_info=\u00a0\u00bb{}\u00a0\u00bb][et_pb_column type=\u00a0\u00bb4_4&Prime; _builder_version=\u00a0\u00bb4.22.2&Prime; _module_preset=\u00a0\u00bbdefault\u00a0\u00bb global_colors_info=\u00a0\u00bb{}\u00a0\u00bb][et_pb_image src=\u00a0\u00bbhttp:\/\/cad-plus.fr\/wp-content\/uploads\/2023\/10\/F2110-Orgares-Orgerlon-210715-pers-entrCe-HD-4-scaled.jpg\u00a0\u00bb title_text=\u00a0\u00bbF2110 &#8211; Org\u00e4res Orgerlon 210715 &#8211; pers entr\u00c7e HD\u00a0\u00bb _builder_version=\u00a0\u00bb4.22.2&Prime; _module_preset=\u00a0\u00bbdefault\u00a0\u00bb width=\u00a0\u00bb65%\u00a0\u00bb max_width=\u00a0\u00bb100%\u00a0\u00bb module_alignment=\u00a0\u00bbcenter\u00a0\u00bb global_colors_info=\u00a0\u00bb{}\u00a0\u00bb][\/et_pb_image][\/et_pb_column][\/et_pb_row][et_pb_row _builder_version=\u00a0\u00bb4.22.2&Prime; _module_preset=\u00a0\u00bbdefault\u00a0\u00bb global_colors_info=\u00a0\u00bb{}\u00a0\u00bb][et_pb_column type=\u00a0\u00bb4_4&Prime; _builder_version=\u00a0\u00bb4.22.2&Prime; _module_preset=\u00a0\u00bbdefault\u00a0\u00bb global_colors_info=\u00a0\u00bb{}\u00a0\u00bb][et_pb_button button_url=\u00a0\u00bbhttp:\/\/cad-plus.fr\/?page_id=96&Prime; button_text=\u00a0\u00bbD\u00e9couvrir nos projets\u00a0\u00bb button_alignment=\u00a0\u00bbcenter\u00a0\u00bb _builder_version=\u00a0\u00bb4.22.2&Prime; _module_preset=\u00a0\u00bbdefault\u00a0\u00bb custom_button=\u00a0\u00bbon\u00a0\u00bb button_text_color=\u00a0\u00bb#FFFFFF\u00a0\u00bb button_bg_color=\u00a0\u00bb#000000&Prime; global_colors_info=\u00a0\u00bb{}\u00a0\u00bb][\/et_pb_button][\/et_pb_column][\/et_pb_row][\/et_pb_section][et_pb_section fb_built=\u00a0\u00bb1&Prime; _builder_version=\u00a0\u00bb4.16&Prime; _module_preset=\u00a0\u00bbdefault\u00a0\u00bb custom_margin=\u00a0\u00bb-22px|||||\u00a0\u00bb custom_padding=\u00a0\u00bb||0px|||\u00a0\u00bb global_colors_info=\u00a0\u00bb{}\u00a0\u00bb][et_pb_row _builder_version=\u00a0\u00bb4.16&Prime; _module_preset=\u00a0\u00bbdefault\u00a0\u00bb custom_margin=\u00a0\u00bb-18px|auto||auto||\u00a0\u00bb custom_padding=\u00a0\u00bb0px||46px|||\u00a0\u00bb global_colors_info=\u00a0\u00bb{}\u00a0\u00bb][et_pb_column type=\u00a0\u00bb4_4&Prime; _builder_version=\u00a0\u00bb4.16&Prime; _module_preset=\u00a0\u00bbdefault\u00a0\u00bb global_colors_info=\u00a0\u00bb{}\u00a0\u00bb][et_pb_text _builder_version=\u00a0\u00bb4.16&Prime; _module_preset=\u00a0\u00bbdefault\u00a0\u00bb header_font_size=\u00a0\u00bb21px\u00a0\u00bb header_2_font=\u00a0\u00bbArima Madurai|700||on|||||\u00a0\u00bb header_2_font_size=\u00a0\u00bb20px\u00a0\u00bb global_colors_info=\u00a0\u00bb{}\u00a0\u00bb]<\/p>\n<h2 style=\"text-align: left;\">Qui sommes nous ?<\/h2>\n<p>[\/et_pb_text][et_pb_text _builder_version=\u00a0\u00bb4.16&Prime; _module_preset=\u00a0\u00bbdefault\u00a0\u00bb text_font=\u00a0\u00bbCairo||||||||\u00a0\u00bb text_font_size=\u00a0\u00bb15px\u00a0\u00bb custom_margin=\u00a0\u00bb-21px|||||\u00a0\u00bb global_colors_info=\u00a0\u00bb{}\u00a0\u00bb]<\/p>\n<p style=\"font-weight: 400;\"><strong>CAD+ Architecture &amp; Urbanisme<\/strong> est une agence d\u2019architecture bas\u00e9e \u00e0 Chartres de Bretagne en premi\u00e8re couronne de Rennes. Apr\u00e8s 15 ann\u00e9es comme architecte chef de projet dans une grande agence rennaise, Mathieu LE ROY (Architecte DE-HMONP) fonde\u00a0<strong>CAD+ <\/strong>en 2021.<\/p>\n<p>[\/et_pb_text][et_pb_text _builder_version=\u00a0\u00bb4.22.2&Prime; _module_preset=\u00a0\u00bbdefault\u00a0\u00bb header_2_font=\u00a0\u00bbArima Madurai|700||on|||||\u00a0\u00bb header_2_font_size=\u00a0\u00bb20px\u00a0\u00bb custom_margin=\u00a0\u00bb||3px|||\u00a0\u00bb global_colors_info=\u00a0\u00bb{}\u00a0\u00bb]<\/p>\n<h2 style=\"text-align: left;\">Notre \u00c9QUIPE d&rsquo;architectes<\/h2>\n<p>[\/et_pb_text][et_pb_text _builder_version=\u00a0\u00bb4.22.2&Prime; _module_preset=\u00a0\u00bbdefault\u00a0\u00bb text_font=\u00a0\u00bbCairo||||||||\u00a0\u00bb text_font_size=\u00a0\u00bb15px\u00a0\u00bb global_colors_info=\u00a0\u00bb{}\u00a0\u00bb]<\/p>\n<div class=\"page\" title=\"Page 5\">\n<div class=\"section\">\n<div class=\"layoutArea\">\n<div class=\"column\">\n<p><span><strong>Mathieu LE ROY<\/strong>\u00a0| Ge\u0301rant <\/span><span>\u2013 <\/span><span>Architecte HMONP <\/span><\/p>\n<p><span><strong>Maeva PHILIPPART<\/strong> | Architecte DE\u00a0<\/span><\/p>\n<p><span><strong>Nina PEREZ<\/strong> | Architecte DE<\/span><\/p>\n<\/div>\n<\/div>\n<\/div>\n<\/div>\n<p>[\/et_pb_text][et_pb_text _builder_version=\u00a0\u00bb4.16&Prime; _module_preset=\u00a0\u00bbdefault\u00a0\u00bb header_2_font=\u00a0\u00bbArima Madurai|700||on|||||\u00a0\u00bb header_2_font_size=\u00a0\u00bb20px\u00a0\u00bb custom_margin=\u00a0\u00bb||3px|||\u00a0\u00bb global_colors_info=\u00a0\u00bb{}\u00a0\u00bb]<\/p>\n<h2 style=\"text-align: left;\">L&rsquo;esprit d&rsquo;\u00e9quipe<\/h2>\n<p>[\/et_pb_text][et_pb_text _builder_version=\u00a0\u00bb4.16&Prime; _module_preset=\u00a0\u00bbdefault\u00a0\u00bb text_font=\u00a0\u00bbCairo||||||||\u00a0\u00bb text_font_size=\u00a0\u00bb15px\u00a0\u00bb global_colors_info=\u00a0\u00bb{}\u00a0\u00bb]<\/p>\n<div class=\"page\" title=\"Page 5\">\n<div class=\"section\">\n<div class=\"layoutArea\">\n<div class=\"column\">\n<div class=\"page\" title=\"Page 1\">\n<div class=\"layoutArea\">\n<div class=\"column\">\n<p><span>L\u2019agence est aujourd\u2019hui structure\u0301e autour d\u2019une e\u0301quipe de <\/span><span>trois personnes <strong>aux compe\u0301tences varie\u0301es et comple\u0301mentaires <\/strong><\/span><span>(architecte, urbaniste, architecte d\u2019inte\u0301rieur, designer, infographiste) capable de vous accompagner dans <\/span><span>tous vos projets de construction depuis l\u2019esquisse jusqu\u2019a\u0300 la livraison du chantier<\/span><span>.<\/span><\/p>\n<p><span>L\u2019agence CAD+ s\u2019est aussi entoure\u0301e de <\/span><span><strong>partenaires fiables<\/strong> <\/span><span>qui partagent le me\u0302me e\u0301tat d\u2019esprit afin de couvrir toutes les composantes et spe\u0301cificite\u0301s des me\u0301tiers de la construction : <strong>bureaux d\u2019e\u0301tudes, paysagistes, e\u0301conomistes du ba\u0302timent, contro\u0302leurs techniques, artisans<\/strong>.<\/span><\/p>\n<\/div>\n<\/div>\n<\/div>\n<\/div>\n<\/div>\n<\/div>\n<\/div>\n<p>[\/et_pb_text][et_pb_text _builder_version=\u00a0\u00bb4.16&Prime; _module_preset=\u00a0\u00bbdefault\u00a0\u00bb header_font_size=\u00a0\u00bb21px\u00a0\u00bb header_2_font=\u00a0\u00bbArima Madurai|700||on|||||\u00a0\u00bb header_2_font_size=\u00a0\u00bb20px\u00a0\u00bb custom_margin=\u00a0\u00bb||3px|||\u00a0\u00bb global_colors_info=\u00a0\u00bb{}\u00a0\u00bb]<\/p>\n<h2 style=\"text-align: left;\">M\u00e9thodologie et valeurs<\/h2>\n<p>[\/et_pb_text][et_pb_text _builder_version=\u00a0\u00bb4.16&Prime; _module_preset=\u00a0\u00bbdefault\u00a0\u00bb text_font=\u00a0\u00bbCairo||||||||\u00a0\u00bb text_font_size=\u00a0\u00bb15px\u00a0\u00bb global_colors_info=\u00a0\u00bb{}\u00a0\u00bb]<\/p>\n<div class=\"page\" title=\"Page 5\">\n<div class=\"section\">\n<div class=\"layoutArea\">\n<div class=\"column\">\n<div class=\"page\" title=\"Page 1\">\n<div class=\"layoutArea\">\n<div class=\"column\">\n<div class=\"page\" title=\"Page 1\">\n<div class=\"layoutArea\">\n<div class=\"column\">\n<p><span>Avec se\u0301rieux et professionnalisme, <\/span><strong>CAD+ <\/strong><span>a de\u0301veloppe\u0301 une me\u0301thodologie de travail base\u0301e sur <strong>l\u2019e\u0301coute et le dialogue des diffe\u0301rents acteurs du projet,<\/strong> une lecture approfondie du programme, l\u2019analyse fine du site et du contexte, ainsi que sur un examen rigoureux de l\u2019enveloppe financie\u0300re. <\/span><\/p>\n<p><span>Cette de\u0301marche est enrichie de l\u2019expe\u0301rience, de la cre\u0301ativite\u0301, de la sensibilite\u0301 des membres de l\u2019e\u0301quipe et par des valeurs auxquelles nous tenons telles que <strong>l\u2019e\u0301cologie, l\u2019esprit d\u2019e\u0301quipe et la confiance.<\/strong> L\u2019objectif est d\u2019apporter une re\u0301ponse architecturale cohe\u0301rente et contemporaine, <strong>alliant qualite\u0301 d\u2019espace et d\u2019usage<\/strong> avec une esthe\u0301tique et identite\u0301 forte et unique.<\/span><\/p>\n<\/div>\n<\/div>\n<\/div>\n<\/div>\n<\/div>\n<\/div>\n<\/div>\n<\/div>\n<\/div>\n<\/div>\n<p>[\/et_pb_text][\/et_pb_column][\/et_pb_row][\/et_pb_section]<\/p>\n","protected":false},"excerpt":{"rendered":"<p>Qui sommes nous ?CAD+ Architecture &amp; Urbanisme est une agence d\u2019architecture bas\u00e9e \u00e0 Chartres de Bretagne en premi\u00e8re couronne de Rennes. Apr\u00e8s 15 ann\u00e9es comme architecte chef de projet dans une grande agence rennaise, Mathieu LE ROY (Architecte DE-HMONP) fonde\u00a0CAD+ en 2021.Notre \u00c9QUIPE d&rsquo;architectes Mathieu LE ROY\u00a0| Ge\u0301rant \u2013 Architecte HMONP Maeva PHILIPPART | Architecte [&hellip;]<\/p>\n","protected":false},"author":1,"featured_media":0,"parent":0,"menu_order":0,"comment_status":"closed","ping_status":"closed","template":"","meta":{"_et_pb_use_builder":"on","_et_pb_old_content":"","_et_gb_content_width":"","footnotes":""},"class_list":["post-57","page","type-page","status-publish","hentry"],"_links":{"self":[{"href":"https:\/\/cad-plus.fr\/index.php?rest_route=\/wp\/v2\/pages\/57","targetHints":{"allow":["GET"]}}],"collection":[{"href":"https:\/\/cad-plus.fr\/index.php?rest_route=\/wp\/v2\/pages"}],"about":[{"href":"https:\/\/cad-plus.fr\/index.php?rest_route=\/wp\/v2\/types\/page"}],"author":[{"embeddable":true,"href":"https:\/\/cad-plus.fr\/index.php?rest_route=\/wp\/v2\/users\/1"}],"replies":[{"embeddable":true,"href":"https:\/\/cad-plus.fr\/index.php?rest_route=%2Fwp%2Fv2%2Fcomments&post=57"}],"version-history":[{"count":20,"href":"https:\/\/cad-plus.fr\/index.php?rest_route=\/wp\/v2\/pages\/57\/revisions"}],"predecessor-version":[{"id":966,"href":"https:\/\/cad-plus.fr\/index.php?rest_route=\/wp\/v2\/pages\/57\/revisions\/966"}],"wp:attachment":[{"href":"https:\/\/cad-plus.fr\/index.php?rest_route=%2Fwp%2Fv2%2Fmedia&parent=57"}],"curies":[{"name":"wp","href":"https:\/\/api.w.org\/{rel}","templated":true}]}}

<p>[et_pb_section fb_built= »1&Prime; _builder_version= »4.16&Prime; _module_preset= »default » custom_margin= »-4px||4px||| » custom_padding= »||0px||| » global_colors_info= »{} »][et_pb_row _builder_version= »4.22.2&Prime; _module_preset= »default » global_colors_info= »{} »][et_pb_column type= »4_4&Prime; _builder_version= »4.22.2&Prime; _module_preset= »default » global_colors_info= »{} »][et_pb_image src= »http://cad-plus.fr/wp-content/uploads/2023/10/F2110-Orgares-Orgerlon-210715-pers-entrCe-HD-4-scaled.jpg » title_text= »F2110 &#8211; Orgäres Orgerlon 210715 &#8211; pers entrÇe HD » _builder_version= »4.22.2&Prime; _module_preset= »default » width= »65% » max_width= »100% » module_alignment= »center » global_colors_info= »{} »][/et_pb_image][/et_pb_column][/et_pb_row][et_pb_row _builder_version= »4.22.2&Prime; _module_preset= »default » global_colors_info= »{} »][et_pb_column type= »4_4&Prime; _builder_version= »4.22.2&Prime; _module_preset= »default » global_colors_info= »{} »][et_pb_button button_url= »http://cad-plus.fr/?page_id=96&Prime; button_text= »Découvrir nos projets » button_alignment= »center » _builder_version= »4.22.2&Prime; _module_preset= »default » custom_button= »on » button_text_color= »#FFFFFF » button_bg_color= »#000000&Prime; global_colors_info= »{} »][/et_pb_button][/et_pb_column][/et_pb_row][/et_pb_section][et_pb_section fb_built= »1&Prime; _builder_version= »4.16&Prime; _module_preset= »default » custom_margin= »-22px||||| » custom_padding= »||0px||| » global_colors_info= »{} »][et_pb_row _builder_version= »4.16&Prime; _module_preset= »default » custom_margin= »-18px|auto||auto|| » custom_padding= »0px||46px||| » global_colors_info= »{} »][et_pb_column type= »4_4&Prime; _builder_version= »4.16&Prime; _module_preset= »default » global_colors_info= »{} »][et_pb_text _builder_version= »4.16&Prime; _module_preset= »default » header_font_size= »21px » header_2_font= »Arima Madurai|700||on||||| » header_2_font_size= »20px » global_colors_info= »{} »]</p>
<h2 style="text-align: left;">Qui sommes nous ?</h2>
<p>[/et_pb_text][et_pb_text _builder_version= »4.16&Prime; _module_preset= »default » text_font= »Cairo|||||||| » text_font_size= »15px » custom_margin= »-21px||||| » global_colors_info= »{} »]</p>
<p style="font-weight: 400;"><strong>CAD+ Architecture &amp; Urbanisme</strong> est une agence d’architecture basée à Chartres de Bretagne en première couronne de Rennes. Après 15 années comme architecte chef de projet dans une grande agence rennaise, Mathieu LE ROY (Architecte DE-HMONP) fonde <strong>CAD+ </strong>en 2021.</p>
<p>[/et_pb_text][et_pb_text _builder_version= »4.22.2&Prime; _module_preset= »default » header_2_font= »Arima Madurai|700||on||||| » header_2_font_size= »20px » custom_margin= »||3px||| » global_colors_info= »{} »]</p>
<h2 style="text-align: left;">Notre ÉQUIPE d&rsquo;architectes</h2>
<p>[/et_pb_text][et_pb_text _builder_version= »4.22.2&Prime; _module_preset= »default » text_font= »Cairo|||||||| » text_font_size= »15px » global_colors_info= »{} »]</p>
<div class="page" title="Page 5">
<div class="section">
<div class="layoutArea">
<div class="column">
<p><span><strong>Mathieu LE ROY</strong> | Gérant </span><span>– </span><span>Architecte HMONP </span></p>
<p><span><strong>Maeva PHILIPPART</strong> | Architecte DE </span></p>
<p><span><strong>Nina PEREZ</strong> | Architecte DE</span></p>
</div>
</div>
</div>
</div>
<p>[/et_pb_text][et_pb_text _builder_version= »4.16&Prime; _module_preset= »default » header_2_font= »Arima Madurai|700||on||||| » header_2_font_size= »20px » custom_margin= »||3px||| » global_colors_info= »{} »]</p>
<h2 style="text-align: left;">L&rsquo;esprit d&rsquo;équipe</h2>
<p>[/et_pb_text][et_pb_text _builder_version= »4.16&Prime; _module_preset= »default » text_font= »Cairo|||||||| » text_font_size= »15px » global_colors_info= »{} »]</p>
<div class="page" title="Page 5">
<div class="section">
<div class="layoutArea">
<div class="column">
<div class="page" title="Page 1">
<div class="layoutArea">
<div class="column">
<p><span>L’agence est aujourd’hui structurée autour d’une équipe de </span><span>trois personnes <strong>aux compétences variées et complémentaires </strong></span><span>(architecte, urbaniste, architecte d’intérieur, designer, infographiste) capable de vous accompagner dans </span><span>tous vos projets de construction depuis l’esquisse jusqu’à la livraison du chantier</span><span>.</span></p>
<p><span>L’agence CAD+ s’est aussi entourée de </span><span><strong>partenaires fiables</strong> </span><span>qui partagent le même état d’esprit afin de couvrir toutes les composantes et spécificités des métiers de la construction : <strong>bureaux d’études, paysagistes, économistes du bâtiment, contrôleurs techniques, artisans</strong>.</span></p>
</div>
</div>
</div>
</div>
</div>
</div>
</div>
<p>[/et_pb_text][et_pb_text _builder_version= »4.16&Prime; _module_preset= »default » header_font_size= »21px » header_2_font= »Arima Madurai|700||on||||| » header_2_font_size= »20px » custom_margin= »||3px||| » global_colors_info= »{} »]</p>
<h2 style="text-align: left;">Méthodologie et valeurs</h2>
<p>[/et_pb_text][et_pb_text _builder_version= »4.16&Prime; _module_preset= »default » text_font= »Cairo|||||||| » text_font_size= »15px » global_colors_info= »{} »]</p>
<div class="page" title="Page 5">
<div class="section">
<div class="layoutArea">
<div class="column">
<div class="page" title="Page 1">
<div class="layoutArea">
<div class="column">
<div class="page" title="Page 1">
<div class="layoutArea">
<div class="column">
<p><span>Avec sérieux et professionnalisme, </span><strong>CAD+ </strong><span>a développé une méthodologie de travail basée sur <strong>l’écoute et le dialogue des différents acteurs du projet,</strong> une lecture approfondie du programme, l’analyse fine du site et du contexte, ainsi que sur un examen rigoureux de l’enveloppe financière. </span></p>
<p><span>Cette démarche est enrichie de l’expérience, de la créativité, de la sensibilité des membres de l’équipe et par des valeurs auxquelles nous tenons telles que <strong>l’écologie, l’esprit d’équipe et la confiance.</strong> L’objectif est d’apporter une réponse architecturale cohérente et contemporaine, <strong>alliant qualité d’espace et d’usage</strong> avec une esthétique et identité forte et unique.</span></p>
</div>
</div>
</div>
</div>
</div>
</div>
</div>
</div>
</div>
</div>
<p>[/et_pb_text][/et_pb_column][/et_pb_row][/et_pb_section]</p>

<p>Qui sommes nous ?CAD+ Architecture &amp; Urbanisme est une agence d’architecture basée à Chartres de Bretagne en première couronne de Rennes. Après 15 années comme architecte chef de projet dans une grande agence rennaise, Mathieu LE ROY (Architecte DE-HMONP) fonde CAD+ en 2021.Notre ÉQUIPE d&rsquo;architectes Mathieu LE ROY | Gérant – Architecte HMONP Maeva PHILIPPART | Architecte [&hellip;]</p>
